u(-14) is divided by 59.
9
Suppose 4*o = 5*y - 379 - 144, -2*y + 3*o = -205. Let q = -57699 - -57733. Calculate the remainder when y is divided by q.
5
Suppose -6*i + 261674 = 48320. What is the remainder when i is divided by 127?
126
Let s = 7234 + 9186. What is the remainder when s is divided by 42?
40
Let h(b) be the second derivative of -b**3 + 125*b**2/2 + 81*b. What is the remainder when h(5) is divided by 14?
11
Let x = 40 + 7. Let h = x - 26. Suppose -4*k = 2*g - 220, -4 = -0*k - k. What is the remainder when g is divided by h?
18
Let c(b) = b**3 - 85*b**2 + 170*b - 247. What is the remainder when 93 is divided by c(83)?
8
Suppose 55*m + 1263 - 39708 = 0. What is the remainder when m is divided by 10?
9
Let m = 585 + -430. Suppose 116 + 64 = 5*g + 4*r, -5*g + r + m = 0. What is the remainder when 287 is divided by g?
31
Suppose -58*x - 8532 + 27498 = 0. Let i(q) = q + 15. What is the remainder when x is divided by i(0)?
12
Let o(n) = -n**3 - 11*n**2 - 2*n - 14. Let p = -64 - -88. Suppose 0*w - 4*w = -4*s + p, -3*s - 37 = 2*w. Calculate the remainder when 37 is divided by o(w).
5
Let w = 144 + -142. Suppose 0*f + 2*z = -w*f + 194, -4*f - 2*z + 386 = 0. Calculate the remainder when f is divided by 21.
12
Suppose -2*w = c + 56, 2*c + 5*w = 2*w - 109. Let v = -32 - c. What is the remainder when 147/12*7 + (-12)/16 is divided by v?
13
Let o(v) = -v**2 + 30*v + 23. Let j be o(27). Suppose -p + 2*u - 7 = -23, 0 = 5*p - 2*u - j. What is the remainder when p is divided by 10?
2
Suppose 646 = -3791*n + 3808*n. Calculate the remainder when 4094 is divided by n.
28
Let m(w) = -17*w - 52. Let n be 2 + 11/(11/(-8)). Calculate the remainder when m(n) is divided by 26.
24
Let n = -3044 - -3122. What is the remainder when 248 is divided by n?
14
Suppose -34*p = 214 - 1438. Suppose -2*z + 116 = -96. Calculate the remainder when z is divided by p.
34
Let n(o) = 17 - 3 - 2*o + 38. Let g(y) = -2*y + 1. What is the remainder when n(20) is divided by g(-3)?
5
Suppose -16*w - 2 = -82. Suppose 50 = 2*v - 2*x, -w*v = -v + 3*x - 135. Calculate the remainder when 208 is divided by v.
28
What is the remainder when (1748/8)/(2/(-12)*(-21)/14) is divided by 108?
10
Suppose 962 + 2834 = 26*k. Suppose 3*o = -2*o + 160. What is the remainder when k is divided by o?
18
Let f(m) = -6*m + 57. Suppose -2*x + 35 = 19. Let w = -71 - -101. Calculate the remainder when w is divided by f(x).
3
Let d be (-8)/((-32)/(-214)) - (-2)/4. Let g = -13 - d. Suppose f - 19 = 2*s, s = 5*s + 16. Calculate the remainder when g is divided by f.
7
Let z = 3376 - 3358. What is the remainder when 214 is divided by z?
16
Suppose 226 = 56*n - 390. Suppose 17 = 5*c - 8. What is the remainder when n is divided by c?
1
What is the remainder when (-6)/((-8)/(66 - -14)) is divided by 8?
4
Suppose q - 188 = -5*v, -35*v = -33*v + q - 77. What is the remainder when 599 is divided by v?
7
Suppose -337*u = 160*u + 11*u - 340868. Calculate the remainder when u is divided by 289.
93
Suppose 17*v + 45 = 26*v. Suppose v*r - 162 = 88. What is the remainder when r is divided by 19 - (-1 - (2 - 7))?
5
Let a = -4 - -20. Calculate the remainder when 27 - (-12 + 20 - 24) is divided by a.
11
Suppose -30 = 5*a - 145. Suppose -4*f + 288 = -f - 3*y, 3*y - 252 = -3*f. Calculate the remainder when f is divided by a.
21
Let b(d) = d**3 + 24*d**2 - 35*d - 214. Suppose 0 = i - 1, -4*n + 5*i - 2*i + 77 = 0. What is the remainder when b(-25) is divided by n?
16
Let p(f) = f**2 - 84*f - 736. Calculate the remainder when p(-31) is divided by 2820.
9
Let y be (-182)/(-28)*(-1 - 1*-3). What is the remainder when 56 is divided by (10/(-2) + -1 - -3) + y?
6
Let t(z) = 0*z + 9 + 9*z + 0*z + 0*z. Let l be t(-4). Let r = l + 45. Calculate the remainder when r is divided by 5.
3
Let j(o) = -2*o**3 - 14*o**2 + 18*o + 16. Let h be j(-8). Suppose h = -d + 477 - 388. Calculate the remainder when d is divided by 7.
5
Suppose -9*r - 8 = -26. Suppose 5*f = -5*l - 0*l + 170, f = -r*l + 32. Calculate the remainder when f is divided by 15.
6
Let t = 11 - -7. Suppose 0 = -179*h + 150*h + 2030. Calculate the remainder when h is divided by t.
16
Suppose -4*m - m + 25 = 0, -4*q + 5*m - 57 = 0. What is the remainder when 54 is divided by (-14)/q*(-176)/(-22)?
12
Let u = 767 + -1309. Let l = u - -577. What is the remainder when l is divided by 12?
11
Let x(t) = t - 5. Let y be x(8). Let h be 3/4*(-51 - -55). Suppose 0 = -5*z + 2*z + h*v + 30, 0 = v + y. What is the remainder when 32 is divided by z?
4
Suppose -89 = 8*p + 23. Let v(z) = 2*z**2 + 32*z + 16. Let n be v(p). What is the remainder when 27 is divided by 18/3*n/(-16)?
12
Suppose 0 = -4*w + x + 601, -2*w + w = 3*x - 147. Let a(p) = 12*p + 7*p + 3 + 17*p - 1. What is the remainder when w is divided by a(1)?
36
Let k be (-66)/(-121)*3/((-36)/(-66)). Let s = -38 - -134. Suppose b - 32 = -q + 2*b, -k*q = -4*b - s. Calculate the remainder when q is divided by 11.
10
Suppose 36*m - 44*m = -1128. Let o = -125 + m. Calculate the remainder when 31 is divided by o.
15
Suppose 4*l - 131 = -4*k + 45, 0 = -k - 3*l + 50. Let b(t) = t**2 + 3*t - 9. Let g be b(-5). What is the remainder when 1*(80 + g/1) is divided by k?
40
Let x(n) = n**3 - 4*n**2 - 14*n + 16. Let v be x(6). What is the remainder when 251 is divided by 168*v*(-5)/(-40)?
83
Suppose -6*w = -29 - 673. What is the remainder when 149 is divided by w?
32
Let q(l) = 3*l + 23. Calculate the remainder when 39 is divided by q(3).
7
Suppose -6*m + y + 763 = 59, 2*y + 110 = m. What is the remainder when 1191 is divided by m?
11
Suppose -6 = 31*g - 34*g. Suppose 2*n + 19 = 3*y, -g*n - 2*n = 8. Suppose -y*k + 69 = 14. What is the remainder when 40 is divided by k?
7
Suppose 3*y - 5*t - 59 = 0, -28 = 3*y - 3*t - 97. Calculate the remainder when 165 is divided by y.
25
Suppose 2*r - 9 = -x, -3*x - x - 5*r + 36 = 0. Let u = -809 + 362. What is the remainder when 3/18 + u/(-18) is divided by x?
7
Suppose 33*i + 12 = 30*i. What is the remainder when 64 is divided by 1*2*((-34)/i - 3)?
9
Suppose 5*a = u - 18, 14 = -a - u + 8. Calculate the remainder when 5404/42 + a/(-12) is divided by 26.
25
Suppose 2*l - 17 + 80 = x, -3*x = -4*l - 197. Let i = 94 - x. What is the remainder when 44 is divided by i?
21
Calculate the remainder when 2756 is divided by (1856/4)/16 - (-1)/1.
26
Let w(m) = -8*m - 116. Suppose 26*f + 223 = -245. Calculate the remainder when 1 + 83 - 8/4 is divided by w(f).
26
Suppose -48*y + 53*y - 15 = 0. Suppose 5*j + 550 = 2*x, -419 = -y*x + 3*j + 397. What is the remainder when x is divided by 16?
14
Suppose -22*n = -61007 - 9948 - 24305. Calculate the remainder when n is divided by 4322.
8
Let c(t) = -t**3 + 16*t**2 + 20*t - 5. Let z be c(16). Let w = z - 301. Calculate the remainder when w is divided by 4.
2
Let q(g) = -5123*g**2 - 10*g - 11. Let a be q(-1). Calculate the remainder when (-1)/(-1) - a/42 is divided by 40.
3
Let q = 123 - -11. What is the remainder when 801 is divided by q?
131
Suppose 21*t + 51688 = 47*t. What is the remainder when t is divided by 35?
28
Suppose 2*c - 62 = -0. Suppose 6*w = 427 - c. Calculate the remainder when w is divided by 14.
10
Suppose -1129*b + 2152*b = 27621. Suppose -2*n = -8 - 12. What is the remainder when b is divided by n?
7
What is the remainder when ((-750)/(-4))/(-1*30/(-40)) is divided by 62?
2
Let z = 35 + -24. What is the remainder when (171717/204)/(-91)*(-7*1 + -1) is divided by z?
8
Let b(x) = -3*x - 6. Let t(c) = 6*c + 33. Let w be t(-6). Let l be b(w). Calculate the remainder when l/(63/(-28)) - 529/(-3) is divided by 44.
43
Let a(p) = -p**3 - 4*p**2 + 4*p + 2. Let y(q) = -q**3 + 5*q**2 + 9*q - 24. Calculate the remainder when a(-6) is divided by y(4).
22
Let r = 204 + -55. Let j be r/3 - (-4)/12. Suppose 3*p + 7*p = j. Calculate the remainder when p is divided by 3.
2
Suppose 0 = 3*m + 2*z + 386, -z - 15 = -4*z. Suppose -5*i = 11*n - 7*n + 76, 2*i - n + 33 = 0. What is the remainder when (4/i)/(3/m) is divided by 8?
3
Suppose 2*h - 6*h = -148. Suppose 3*q + h = 49. Calculate the remainder when 230 is divided by q.
2
Suppose 18*u - 21282 = -20832. What is the remainder when 66/(3*(-6)/(-81)) is divided by u?
22
Suppose 0 = 4*b + b, -2*k = b - 30. Suppose -776 = k*y - 23*y. Suppose 0 =